 = 5*x + 0*x**s + x**2 + 5*x + 7 + 0*x**2. What is p(-6)?
-17
Let l(m) be the first derivative of -m**4/4 + 14*m**3/3 + 2*m**2 - 60*m + 701. Give l(14).
-4
Let t(j) be the third derivative of -j**6/120 + 9*j**5/20 - j**4/24 + 19*j**3/6 + 3481*j**2. Calculate t(27).
-8
Let t(q) = 46*q**3 + 10*q**2 - 7*q + 5. Let l(a) = 70*a**3 + 16*a**2 - 11*a + 8. Let s(z) = -5*l(z) + 8*t(z). What is s(1)?
17
Let c(s) = 5*s**2 + 12*s - 6. Let r = -7 + 24. Let n(o) = -2*o**2 - 4*o + 2. Let w(b) = r*n(b) + 6*c(b). Let j be w(2). Let z(q) = -q - 9. Determine z(j).
1
Let h(v) = 0*v + 4108 - 2042 - 23*v**2 - 3*v + v**3 - 1991. Give h(23).
6
Let p(m) be the third derivative of m**7/180 + m**6/720 + 3*m**5/10 - m**3/2 - 13*m**2. Let y(z) be the third derivative of p(z). Calculate y(1).
29
Let y(q) be the second derivative of 7*q**5/20 - q**4/12 + q**3/3 - q**2/2 + q. Let g be 2/4*(-6 - -2 - -4). Suppose g = -2*z - 23*z + 25. Determine y(z).
7
Let w(q) = -q**2 - 10*q - 18. Let z(p) = -9*p + 239. Let o be z(27). What is w(o)?
6
Let w be (-165)/(-66) + (-1)/(-2). Let i(m) = -12*m**3 + 1 + 22*m**3 + 0 - m**2 - 3*m**w. Determine i(-1).
-7
Suppose 0 = 6*p - 9*p + 6. Let o(w) = -2*w - 623 + 623 + p*w**2. Determine o(4).
24
Let n(l) = -l**3 - 22*l**2 - 25*l - 93. Let f be n(-21). Let g(a) = -a - 11. Let h(o) = -3*o - 50. Let b(r) = f*g(r) + 2*h(r). Calculate b(7).
20
Let y(c) = -33*c**2 + 5*c**2 + 57 + 43 - 64 + 3*c + 19*c**2 + c**3. Give y(7).
-41
Let g(n) be the first derivative of n**4/4 + n**3/3 - 2*n**2 - 2*n - 1. Let l(z) = -67*z - 607. Let o be l(-9). Give g(o).
-34
Let z(o) = 3*o - 6. Let l(c) = -c - 2. Suppose 8*d = -25 + 17. Let t(k) = d*z(k) + 2*l(k). Calculate t(2).
-8
Let h(s) be the second derivative of -s**3/3 - 3*s**2 - 5118*s + 1. What is h(1)?
-8
Let k(o) = 4*o**2 - 16*o + 6. Let j(a) = 5*a**2 - 22*a + 7. Let m(b) = -3*j(b) + 4*k(b). Let c = -17 + 14. Give m(c).
6
Suppose 216 = -23*q + 193. Let u(n) = -5*n**3 + 9*n**2 - 8*n - 2. Let l(b) = b**3 + 2*b - 1. Let w(p) = q*u(p) - 4*l(p). Let g = 6 - -3. What is w(g)?
6
Suppose 9*r = -o + 6*r - 10, 2*o - r - 8 = 0. Let h(m) = -24 - m**o + 50 + m - 23. Calculate h(0).
3
Let y(m) = -m + 5. Let f be y(0). Let x(t) be the second derivative of t - t**2 + 1/6*t**3 - 14. Calculate x(f).
3
Let d(i) = 16*i**3 + i. Suppose -31*w + 23*w - 8 = 0. What is d(w)?
-17
Suppose 5*q + 108 = 11*q. Suppose z + 3 = 3*d + q, 5*d + 5 = -5*z. Let a(t) = 17 - 1 - z*t - 13 + 5. What is a(6)?
-10
Suppose 3*y = -27*y - 37*y + 1608. Let x(l) = l - 17. Determine x(y).
7
Let n(l) = -l**2 + l + 41. Let z = -459 - -465. Give n(z).
11
Let b be (0 + 0)/(-2)*(-322)/(-644). Let d(a) = -17*a + b - 27*a - 1 + 47*a. Calculate d(7).
20
Let q(i) = i**3 + 11*i**2 - i - 6. Let l(u) = -2*u**3 - 4 + 11 - 21*u**2 + 5 + 2*u. Let h(j) = -4*l(j) - 7*q(j). Suppose 18*n + 74 = -52. Calculate h(n).
1
Suppose 63 = 25*j - 26 - 11. Let d(h) be the first derivative of -3*h**2 + 7/3*h**3 - j*h - 1/4*h**4 + 30. Determine d(6).
-4
Let u(o) = -5*o**2 + 12*o - 1. Let t(s) = -4*s**2 + 11*s - 2. Let w(c) = -4*t(c) + 3*u(c). Suppose 6 = -3*y - 3. Let j be -4*(2 - (0 - y)). Calculate w(j).
-11
Let p be (-169)/26 + (8 - -1). Let j(z) be the second derivative of p*z**2 + 0 - 1/3*z**3 + 19*z. Calculate j(6).
-7
Let d(y) = 2*y**2 + 3*y - 22. Let g be d(-4). Let q be (1 - 4) + 6/g + -3. Let p(a) = 5*a + 16. Determine p(q).
-29
Let r(n) = -n**3 + 11*n**2 + 28*n - 26. Let a be r(13). Let i(q) = -3 + 6*q**3 - 10 - 7*q**3 + 17 + 8*q**2 + a*q**3. Determine i(8).
4
Let n(j) be the second derivative of -j**5/20 - 7*j**4/12 + j**3 - 3*j**2 - j - 3344. Let g be 7 - 8 - (-1 + 8). What is n(g)?
10
Let a be 35/2 - 19/38. Suppose 6*x = -3*c + 8*x - a, -3*x = 4*c + 34. Let q(f) = -f**2 - 7*f - 10. Determine q(c).
-10
Suppose -5*c + 12 = -t, -3*t + 25*c - 28*c = 0. Let q(o) = -253*o - 8*o**2 + 127*o + 124*o - 4. What is q(t)?
-32
Suppose -24*l = 180 - 564. Let o(a) = -2*a + 9 - 6 + l - 5 + a. Give o(14).
0
Let r(m) = m + 3. Suppose 2*d + 3*q = 3, 3*d = 5*d - q + 1. Let t be ((-63)/(-6) - d) + 18/(-12). Determine r(t).
12
Suppose 0 = 15*z + 7*z - 88. Let f(j) be the second derivative of -1/2*j**2 + 1/12*j**z + 0 + 13*j + 7/6*j**3. Determine f(-6).
-7
Let f = -179 - -172. Let r(a) = -13*a - 88. Let q be r(f). Let o(k) = -k**3 + 4*k**2 - 5*k + 2. Give o(q).
-4
Suppose -5*t + 3*q + 29 = 0, -9 = 3*q - 0*q. Suppose -27 + 3 = -t*g. Let a(k) = k**2 - g - 7*k**2 + 11*k - k**3 - 5*k. Give a(-7).
1
Suppose -5*b + 169 = -7*b - g, -77 = b - 2*g. Let u = b + 81. Let s(t) = 6*t + 4*t + 1 - 2 - 12*t. Determine s(u).
3
Let r(i) = -4*i + 11. Let o(k) = 2*k - 11. Let q(m) = -3*o(m) - 2*r(m). Suppose -26 = 12*n + 58. Give q(n).
-3
Let x be 5040/1040 + 4/26. Let m(w) = -w**3 - 6*w**2 + 5*w - 10. Let s be m(-7). Let y(p) = 2*p - p**2 + 1 + p + s*p - p. What is y(x)?
6
Let d(x) be the first derivative of -x**3/3 - 17*x**2/2 - 13*x + 3157. Give d(-16).
3
Let y(n) = 4 - 5 + 3*n + 859*n**2 + 4*n - 441*n**2 - 419*n**2. Let m(x) = x**2 - 17*x + 5. Let d be m(17). Calculate y(d).
9
Let q(y) = 2*y + 4. Let v(r) = 26*r**2 + 6*r + 7. Let n be v(-2). Let w be (-94 + n)*(-2)/2*1. What is q(w)?
-6
Let z = 101 - 114. Let w(r) = -49*r**2 - 44*r + 105. Let b(q) = 11*q**2 + 11*q - 26. Let i(h) = -9*b(h) - 2*w(h). What is i(z)?
-2
Let h(q) = -q**3 - 2*q**2 + 3*q + 3. Suppose -9*b - 1 = 2*p - 12*b, 3*p - 31*b = 25. Determine h(p).
-3
Let r be (1 - (-14)/(-8))*4. Let a(p) = -5*p**3 - 175. Let b(x) = 11*x**3 - x**2 + 395. Let n(s) = -9*a(s) - 4*b(s). Give n(r).
4
Let u(k) = -7 - 3 + 2 + k. Let t = 4865 + -4854. Calculate u(t).
3
Let x be (-4)/10*(0 - (-90)/(-9)). Let z(r) = -4*r**3 - r**2 + 3*r - 12. Let w(m) = -11*m**3 - 2*m**2 + 10*m - 33. Let n(h) = 3*w(h) - 8*z(h). Calculate n(x).
-11
Let s(y) be the first derivative of 6*y - 1/2*y**2 + 23. Calculate s(-10).
16
Suppose 4*d = -2*d - 354. Let b = d + 68. Let q(h) = -h + 13. Calculate q(b).
4
Let g(v) = -v**3 + v**2 + 12*v - 11. Let q = -4363 - -4367. Give g(q).
-11
Let r(p) be the second derivative of p**4/12 - 31*p**3/6 + 57*p**2/2 - 72*p. Let l be r(29). Let g(u) = -9*u - 1. Give g(l).
8
Suppose -135*q = -89*q + 598. Let b(o) = o**3 + 14*o**2 + 13*o. What is b(q)?
0
Let g(l) = -50*l - 46 - 56*l + 116*l. Give g(5).
4
Let h(a) = -a**3 - 11*a**2 + 7*a - 10. Let r(f) = 2*f**3 + 12*f**2 - 5*f + 11. Let c(y) = -3*h(y) - 2*r(y). Calculate c(7).
29
Suppose -33*g = -30*g - 126. Suppose g = -4*m - 3*m. Let j(n) = 0*n - 1 - 2 - 2*n. Determine j(m).
9
Let r(s) = 28*s - 5. Let q(o) = -9*o + 1. Let f(u) = -3*q(u) - r(u). What is f(2)?
0
Let g(j) be the second derivative of -j**5/20 + 5*j**4/6 - 7*j**3/6 + 3*j**2 + 1110*j - 1. What is g(9)?
24
Let n(a) = -a**2 + 11*a + 15. Let g be n(12). Suppose -10*p + 385 = -g*p. Suppose -11 + p = 4*v. Let u(h) = -h + 11. Determine u(v).
0
Let b be ((-5)/3 - (-488)/183)*(-1 + 1). Let h(v) = -3*v**2 - v - 21. Give h(b).
-21
Suppose -12 = -4*v + h, -12 - 10 = -3*v + 4*h. Let b be (v/6 + -3)*6. Let x be 4*(-12)/b - 0. Let p(l) = l**2 + l. What is p(x)?
12
Let n(a) = -8*a**2 - 2*a**2 - 1 + 4*a**2. Suppose -4*t + 4 = x, -5*x - 5 + 1 = -4*t. Calculate n(t).
-7
Let o(y) be the third derivative of -y**4/24 + 31*y**3/6 + 47*y**2. Let z be o(32). Let v(l) = 17*l**2 + l + 1. Give v(z).
17
Let h(c) = -6 - 6296*c**2 - 7*c + 12576*c**2 - 2*c**3 - 6291*c**2. Calculate h(-4).
-26
Let n(g) = -7*g. Suppose -6*h = 2 - 44. Let l(c) = 4*c**2 - 2*c - 3. Let x be l(-3). Let d be (x/9 - 4) + h/(-3). What is n(d)?
14
Suppose 2*y - 4*h = 48, 5*h + 75 = 9*y - 6*y. Suppose -p - n + 0*n + 11 = 0, -4*p + y = -3*n. Let g(m) = m**3 - 9*m**2 - m - 2. What is g(p)?
-11
Suppose 9*k + 283 = 229. Let p(t) = t**2 - t - 36. Calculate p(k).
6
Let q(k) = -k**3 + 2*k**2 - 2*k - 1. Suppose -65*p = -71*p. Give q(p).
-1
Let t(q) = -q**3 + 4*q**2 + 785*q + 2*q**3 + 8 - 789*q. Let w be t(-5). Suppose v - 7 = 4*f, 2*v - 14 = w*f - 0*f. Let y(p) = -p**2 + 8*p + 6. Give y(v).
13
Suppose -v - 10 = -13. Suppose -5*a = 2*b - 16, -1 = -v*a - b + 9. Let o(f) = -f**3 + 4*f**2 - 1. Calculate o(a).
-1
Let w(r) = r**3 - 2*r. Let i(z) be the second derivative of -z**5/10 - z**4/4 + z**3/2 - z**2/2 + 33*z. Let x(y) = 2*i(y) + 3*w(y). Give x(-6).
-2
Suppose 46*h - 50 = 134. Let v(k) be the first derivative of 4*k + 21 - 